 (base 4) to base 6
324244535
Convert -22203012 (base 4) to base 3.
-2012021020
-1279161 (base 11) to base 16
-21b23d
-a7186 (base 12) to base 2
-110101101000110110
1000011111110100011011 (base 2) to base 15
2deedd
What is -2004313340 (base 5) in base 6?
-221142152
Convert 103222201 (base 5) to base 8.
1545565
What is -1144da (base 14) in base 15?
-b942c
Convert 71c12 (base 13) to base 12.
9a19b
What is d7c30 (base 14) in base 5?
113133020
What is 154411 (base 6) in base 3?
202221121
What is -1000010000001111 (base 2) in base 10?
-33807
What is -153222 (base 9) in base 13?
-33b6c
What is 1174005 (base 8) in base 2?
1001111100000000101
What is -11453324 (base 6) in base 14?
-96dda
-83470 (base 9) to base 5
-3230222
What is 2ba1e (base 15) in base 16?
2256e
Convert -47c46 (base 13) to base 12.
-64279
What is 6aa3a (base 11) in base 6?
2110041
Convert -20725 (base 12) to base 8.
-123015
What is -244917 (base 14) in base 15?
-19804d
Convert -14326 (base 14) to base 3.
-2112121101
10cd8 (base 16) to base 12
339b4
-1428a8 (base 16) to base 5
-314234003
What is -212102221120120 (base 3) in base 15?
-1161536
Convert 210101001201 (base 3) to base 11.
268076
Convert -2a1080 (base 12) to base 2.
-10101100100100100000
323012001 (base 5) to base 4
11033322010
Convert -5360611 (base 9) to base 3.
-12102000200101
-1175164 (base 8) to base 16
-4fa74
Convert -11010121 (base 3) to base 5.
-44023
1011010101010101 (base 2) to base 13
1818b
6504353 (base 7) to base 15
1097ab
What is 215440530 (base 7) in base 15?
12224e3
-2221020102020 (base 3) to base 4
-11330301102
Convert 5252203 (base 10) to base 8.
24022153
-3d86c (base 15) to base 5
-22311102
-1320433 (base 5) to base 12
-13314
What is 22121210101 (base 3) in base 16?
296e9
-101001010110011 (base 2) to base 13
-9837
What is -765170 (base 10) in base 2?
-10111010110011110010
Convert -120202121 (base 3) to base 10.
-11491
What is -255255101 (base 6) in base 14?
-947a69
Convert 8d024 (base 14) to base 4.
1103233320
50208 (base 12) to base 14
29c6c
-409518 (base 11) to base 4
-2200112213
What is -34281f (base 16) in base 11?
-1a25113
109587 (base 13) to base 2
1011111101101010110
Convert -30352 (base 14) to base 16.
-1c4c4
25157 (base 12) to base 8
142223
Convert -10100001100011110101 (base 2) to base 7.
-5424204
100011011111100110001 (base 2) to base 10
1163057
-4d6e4 (base 15) to base 16
-3c883
2000120121111 (base 3) to base 11
674122
Convert -b6a88 (base 12) to base 8.
-724610
10001110110111010 (base 2) to base 12
363b6
-15540 (base 6) to base 11
-1a36
Convert 113331123 (base 4) to base 12.
48963
Convert 34024202 (base 5) to base 3.
120011201010
63729 (base 11) to base 13
33281
Convert 3230442 (base 8) to base 15.
121266
10132011033 (base 4) to base 3
2012112101200
-2141043 (base 6) to base 7
-622353
9a770 (base 11) to base 16
23a53
Convert -2133332142 (base 5) to base 16.
-460868
What is -3abbb8 (base 15) in base 11?
-1659908
Convert 103432412 (base 5) to base 14.
bab44
Convert 10011001110001011011 (base 2) to base 3.
1011222222211
1253523 (base 8) to base 9
583137
Convert -130653 (base 12) to base 9.
-524840
What is 2543435 (base 7) in base 15?
67c78
Convert -1021110111121 (base 3) to base 15.
-d5ec7
4eb3a1 (base 15) to base 12
1325b21
-1011046 (base 7) to base 13
-42a78
Convert -17cc62 (base 13) to base 14.
-118792
What is -10010011000010001011 (base 2) in base 12?
-250637
-b3700 (base 13) to base 3
-121100121220
Convert -2663650 (base 7) to base 13.
-c4237
-10030303001 (base 4) to base 11
-692213
What is -1246152 (base 8) in base 10?
-347242
Convert 62a5b8 (base 12) to base 8.
5730334
Convert -81878 (base 16) to base 14.
-db4c8
-2b4bb (base 13) to base 16
-140c7
-24845a4 (base 12) to base 10
-7140940
-11068856 (base 9) to base 3
-101002022221220
Convert 2641491 (base 11) to base 4.
101123230303
56a42 (base 12) to base 10
115538
What is 778056 (base 11) in base 14?
24414d
1420421420 (base 5) to base 11
2098272
What is 134343 (base 5) in base 9?
7610
What is 224401 (base 7) in base 3?
2000211221
112020222212 (base 3) to base 14
743d3
What is -1539270 (base 12) in base 5?
-2100331101
Convert 20420681 (base 9) to base 15.
cdd5ca
What is 133133310211 (base 4) in base 14?
114d07b
-1030120 (base 4) to base 16
-1318
-affd4 (base 16) to base 5
-141031402
9207975 (base 11) to base 6
1340510451
What is -153244141 (base 6) in base 4?
-30113033131
What is 423114100 (base 5) in base 10?
1769900
What is 2587d7 (base 15) in base 9?
3344024
What is 1763779 (base 11) in base 9?
5558740
What is 110011000000 (base 2) in base 5?
101024
What is 7c369 (base 14) in base 3?
120100222111
2334375 (base 11) to base 12
144693b
Convert 1003635 (base 9) to base 11.
335348
What is 100131210002 (base 4) in base 11?
2488246
Convert -5f5670 (base 16) to base 6.
-341530052
Convert 121646635 (base 7) to base 9.
15337311
What is 39740 (base 14) in base 13?
4c46a
Convert -207437 (base 9) to base 2.
-11110001010100111
What is -99a74 (base 11) in base 7?
-1142566
961166 (base 11) to base 6
52552113
-6cd89 (base 14) to base 16
-40f6d
-301211001 (base 4) to base 2
-110001100101000001
-1813435 (base 10) to base 12
-735537
What is -1100100000011111 (base 2) in base 13?
-1a41b
-1012201111221 (base 3) to base 8
-2351763
What is -41102 (base 10) in base 2?
-1010000010001110
Convert 1153440 (base 9) to base 14.
124110
Convert -345024 (base 6) to base 12.
-15174
What is 7541777 (base 8) in base 4?
13230033333
What is 20212101110022 (base 3) in base 7?
43005263
What is -14034400 (base 7) in base 15?
-1ab0aa
-10735586 (base 9) to base 13
-110a03c
What is -2885586 (base 10) in base 16?
-2c07d2
211417 (base 13) to base 12
313b34
Convert -31c0dd (base 15) to base 7.
-26066020
Convert -32041 (base 10) to base 3.
-1121221201
What is 15215361 (base 7) in base 16?
161eec
Convert 1dea8 (base 15) to base 5.
11112213
Convert -1ec561 (base 15) to base 4.
-11300213101
-295867 (base 11) to base 9
-773132
Convert 5326d8 (base 14) to base 16.
2ae556
1342010304 (base 5) to base 2
1101001111000010001110
Convert 678854 (base 9) to base 15.
807ba
Convert -4021141 (base 5) to base 14.
-1941b
Convert -99433 (base 10) to base 13.
-36349
Convert 27b473 (base 12) to base 10.
662487
4335553 (base 6) to base 12
a45b9
Convert 10020002200 (base 3) to base 8.
174007
Convert e037d (base 15) to base 11.
4450aa
What is 2010211212 (base 3) in base 14?
11522
Convert 10101000011100110 (base 2) to base 10.
86246
What is 12a41b5 (base 13) in base 9?
12027037
What is 23334667 (base 9) in base 11?
645a397
What is 8453b4 (base 12) in base 7?
23463220
What is 4470cb (base 16) in base 7?
53060513
What is -20a15a (base 11) in base 5?
-41214343
What is -152434212 (base 6) in base 12?
-10a8968
What is -9475 (base 16) in base 6?
-451541
-12002110021 (base 3) to base 9
-162407
What is 2b5038 (base 13) in base 10?
1067789
Convert -1dbc29 (base 14) to base 7.
-12043652
What is 10000011110111000000 (base 2) in base 8?
2036700
What is -100011000101000011111 (base 2) in base 9?
-2141700
Convert 12240210031 (base 5) to base 7.
236364363
What is 303086 (base 13) in base 15?
172055
What is 47cb66 (base 14) in base 5?
1112033012
What is -1338378 (base 9) in base 15?
-e7912
What is -9dd5 (base 16) in base 9?
-61374
Convert -445645a (base 11) to base 3.
-112200220022022
Convert 1460672 (base 8) to base 10.
418234
What is -1a0524 (base 11) in base 13?
-aa305
95b85 (base 12) to base 5
22300244
3764 (base 12) to base 9
8534
What is 1000203213 (base 4) in base 12?
109033
What is -2ddc12 (base 14) in base 16?
-189d28
What is 15043524 (base 6) in base 7?
4261555
12003332203 (base 4) to base 14
2d51d1
Convert 11663c (base 15) to base 6.
25454133
What is -655437 (base 9) in base 3?
-201212111021
Convert -1011110101101100011 (base 2) to base 9.
-651133
22232312 (base 4) to base 12
21532
1386326 (base 12) to base 9
7317363
What is 5545065 (base 7) in base 10?
683646
What is -218332 (base 15) in base 12?
-6502b5
Convert -321314411 (base 5) to base 9.
-2483740
22011031 (base 5) to base 9
316224
What is -92149 (base 13) in base 16?
-3fe29
What is 10122110111 (base 3) in base 7?
416161
-b541c0 (base 14) to base 11
-34aa728
1002 (base 13) to base 8
4227
1036640 (base 9) to base 8
2075764
-30b344 (base 14) to base 5
-410104